e k(y).
-13
Let z(s) = -3*s - 12. Let u(y) = -12*y - 51. Let t(n) = -2*u(n) + 9*z(n). Suppose 2*l = -2*l + 28. Calculate t(l).
-27
Let p(o) = -19*o**2 - 5*o - 1. Let a(f) = 56*f**2 + 13*f + 2. Let r(m) = a(m) + 3*p(m). Suppose 0 = -2*x - 4*j + 12, -2*x + j - 4*j = -7. What is r(x)?
-9
Let z = 182 - 158. Suppose 24*o = 28*o + z. Let a(l) = l + 8. What is a(o)?
2
Let m = 2380 + -2385. Let w(r) = 3*r**2 + 17*r + 4. Determine w(m).
-6
Let i = 3648 - 3639. Let g = -1 - -3. Let j(b) = b**3 - 7*b - 2*b**g + 8*b - 7*b**2 - 6. Determine j(i).
3
Let r(o) = -18*o**2 - 171*o + 22. Let t(x) = -6*x**2 - 54*x + 7. Let k(g) = -6*r(g) + 19*t(g). Suppose -s + 2*s = -5. Let w = s + 4. Give k(w).
-5
Let n(z) be the second derivative of -z**5/20 + 2*z**4/3 + 23*z**3/6 - 23*z**2/2 + 1835*z. Calculate n(10).
7
Let t(g) = -g**2 + 19*g - 43. Let a be t(16). Let d(l) = -8*l + 17. Let i(z) = 15*z - 33. Let b(j) = a*i(j) + 9*d(j). Determine b(7).
9
Let z(w) = 24*w + 175. Suppose 71*q - 493 + 990 = 0. Give z(q).
7
Let z(r) = -r**3 - 14*r**2 + 33*r + 2. Let f be (65 + -53)*(-4)/(-6)*(-2 - 0). Calculate z(f).
-14
Let t(l) = -2*l - 17. Let u(p) = -83*p + 86*p + 3 + 31. Let s(j) = 5*t(j) + 3*u(j). Calculate s(13).
4
Let t be (-1 + -1)*-1*(-1 + 2). Suppose 3*u = -t*c + 19, u = 3*c - 4*c + 7. Let q(o) = 458*o + c - 457*o + 4. Calculate q(7).
13
Let x(u) = -u**3 + 15*u**2 + u - 6. Let t(l) = -l**2 - 36*l + 420. Let g be t(9). Determine x(g).
9
Let r be -2*(4 - 42/(-16)*(-128)/96). Let p(c) = 64*c + 15. Calculate p(r).
-49
Let o(b) be the first derivative of -b**3/3 + 4*b**2 + 19*b - 11631. Determine o(11).
-14
Suppose -5 = -5*a, -a - 8 = -5*w + 2*w. Let f(l) be the third derivative of -1/12*l**4 - 1/120*l**6 + 12*l**2 - 1/2*l**w + 0*l + 0 - 1/30*l**5. What is f(-2)?
1
Let h(t) be the third derivative of t**3/6 - 3*t**2. Let y(x) = -15*x + 1. Let o(p) = 2*h(p) - y(p). Let g be 9 + (-96)/(-1 + 13). Give o(g).
16
Suppose -12*h = -16*h - 12, -5*i = -5*h - 25. Let p(c) be the third derivative of c**i + 1/60*c**5 + 0 + 0*c + 1/6*c**4 - 2/3*c**3. Calculate p(-4).
-4
Let y(g) = 13*g + 60*g + 17 - 16*g - 2*g**2 + 6. Let b be y(29). Let i(q) be the first derivative of q**2/2 - 2*q + 2. Determine i(b).
-8
Suppose 34638*g - 34628*g - 30 = 0. Let y(x) be the second derivative of 2*x**2 - 4*x - 1/3*x**g + 0. Determine y(-4).
12
Let n(a) = a**3 - 2*a + 2. Let x be n(3). Suppose -5*f + 5*u = -67 - x, 2*f = 4*u + 26. Let p be (23 - f) + (-1)/(1/2). Let j(r) = 6*r + 1. What is j(p)?
-11
Let d(x) = -x**3 - 3*x**2 - 21. Let m(a) = -a**3 - 3*a**2 - 20. Let q(f) = 5*d(f) - 6*m(f). Determine q(-4).
-1
Let n(h) = 4*h - 517. Let u(q) = q - 182. Let z(b) = 6*n(b) - 17*u(b). What is z(-7)?
-57
Let z(c) be the third derivative of c**5/30 + c**4/8 - 25*c**3/6 + 3*c**2 - c + 36. Calculate z(-8).
79
Let k = 2448 - 2451. Let j(n) = -8 - 6*n + 1 + 1. Give j(k).
12
Suppose 2*k - 3*d = 12, 2*k - 4*d - d - 12 = 0. Let p(x) = 6 + 2*x**2 + 2*x - x**3 - 3 + 3*x**2 - x. Let t(o) = o**2. Let z(i) = -p(i) - t(i). What is z(k)?
-9
Let t = 13 - 8. Let x(r) = 3*r - 237*r**3 + 1 + 236*r**3 - 6 + 5*r**2. Determine x(t).
10
Suppose -106*d - 26 = -108*d. Let m be 106/d - 6/39. Let g(r) = -r**3 + 8*r**2 - 3*r + 21. Let a be g(m). Let j(i) = i**2. What is j(a)?
9
Let p(g) = -g**2 - 2*g + 2. Let y(n) = 4*n**2 + 5*n - 5. Let m(f) = 8*p(f) + 3*y(f). Suppose 34*o - 15 = 19*o. Determine m(o).
4
Let w(o) = 5*o + 1. Suppose 0 = 309*d - 315*d - 72. Let v be 1*d/6 - -4. Give w(v).
11
Let b(l) = 14*l**2 + 17*l - 16. Let f(o) be the first derivative of -5*o**3/3 - 7*o**2/2 + 5*o - 38. Let k(j) = -3*b(j) - 8*f(j). Determine k(6).
-34
Let z(r) = 2*r**2 + 30*r - 29. Let w(k) = k**2 + 14*k - 16. Let f(y) = -9*w(y) + 4*z(y). Determine f(3).
1
Let v(j) = 3*j**2 - 16*j + 18. Let g be v(4). Let d(f) = -4*f**2 - 3*f - 2*f + 4*f + g*f**2. Determine d(-3).
-15
Suppose -11*o + 3*c + 0*c + 416 = 0, -3*o + 4*c + 123 = 0. Let y(m) = -m**3 + 36*m**2 + 37*m + 5. Determine y(o).
5
Let k(f) be the second derivative of -f**5/120 + 19*f**4/24 + f**3/6 + 117*f**2/2 - 2*f - 16. Let w(i) be the second derivative of k(i). Calculate w(12).
7
Let i(g) be the first derivative of g**3/3 - 7*g**2/2 - 5*g + 6814. Suppose 5*p - 5*a = 0, -3*a + 1 = 2*p - 14. Suppose p*s - 9 = 9. Give i(s).
-11
Suppose r = -3*r + 8. Let f be -2*1*(52/(-8) - -3). Let w(p) = f + 7*p**r - 3 - 2 - p**3 - 59*p + 52*p. What is w(6)?
-4
Let r(f) = f**2 + 4*f - 75. Suppose 96*k = -657 - 207. Determine r(k).
-30
Let b(w) be the second derivative of 9/2*w**2 + 0 + 1/20*w**5 - 1/3*w**3 - 41*w - 7/12*w**4. Let o(s) = s**2. Let h(x) = -b(x) + o(x). Calculate h(8).
7
Let c(o) = 3*o**2 - 7*o + 5. Suppose 0 = 71*l - 29*l - 10584. Let w be 2*(-1 + -8)*(-56)/l. Determine c(w).
25
Let q(t) = t**2 + 7*t - 7. Let k(y) = 19*y - 188. Let r be k(10). Suppose -5*l - 5 = -0*l, 3*f - r*l + 22 = 0. Give q(f).
1
Let p = -275 + 275. Let g(r) = r**3 - 3*r - 12 + p - 4*r**2 + 5*r**3 - 5*r**3. Determine g(5).
-2
Let i = 2283 + -2223. Let w be 1 + (-3)/(-1) + -2. Let t(z) = 61*z**w - i*z**2 + 2 + 3 + 9*z. Calculate t(-5).
-15
Let m(f) = 686*f - 13712. Let l be m(20). Let a(q) = -4*q**2 + 11*q + 4. Let d(b) = 9*b**2 - 22*b - 7. Let n(z) = -7*a(z) - 3*d(z). What is n(l)?
-31
Let w(h) = -h**2 + 5*h + 2. Let m(t) = t - 46. Let o be m(0). Let n(j) = -j**3 - 7*j**2 + 4*j + 9. Let p be n(-6). Let l = o - p. What is w(l)?
2
Let q(r) be the first derivative of r**2/2 - 6*r - 14. Suppose 0 = -259*m + 262*m. Calculate q(m).
-6
Let r(o) = -o**2 + 7. Suppose -4*f = -5*f + 100. Let t = f + -106. Calculate r(t).
-29
Let w(i) = -i**3 + 2*i**2 + 2*i + 1. Suppose -333 = -3*q + 4*c, -4*c = 4*q - q - 357. Let y = q - 101. Let x = y + -15. Determine w(x).
2
Let y = 10018 + -10015. Let m(j) be the second derivative of j**2 + 0 + 7*j + 0*j**y - 1/12*j**4. Determine m(3).
-7
Let a(d) be the first derivative of 3*d**2 + 15*d + 14710. Calculate a(-10).
-45
Let f = -39 - -36. Let r be (4/f)/((-56)/(-126)). Let s(y) = 5*y + 4. Give s(r).
-11
Let z(q) = q + 3. Let g(l) = 2*l**3 + 4*l**2 + 8*l + 13. Let m be g(-4). Suppose -373 = -4*h - f, 5*h - 470 = -3*f + f. Let i = m + h. Calculate z(i).
12
Let a(b) = -7*b**3 + 2*b**2 - 2*b + 3. Let j(q) = -5*q**3 + q**2 - q + 2. Let v(k) = -3*a(k) + 4*j(k). Give v(2).
3
Let g(n) = -n**2 + 25*n - 5. Let v be g(25). Let w be (v + -5)*7/14. Let s(j) = j**3 + 5*j**2 - 4. Give s(w).
-4
Suppose s - 4*s - 4*c + 59 = 0, -75 = -5*s - 2*c. Let j(d) be the third derivative of -d**5/60 + 7*d**4/12 - 7*d**3/3 + 3*d**2 - 10*d. Determine j(s).
-1
Suppose 5*s = -f - 3*f - 37, 0 = s - f + 2. Suppose 85 = 5*d + 75. Let o(a) = -d - 5166*a + 5162*a - a**3 - 6*a**2 + 4. Give o(s).
-3
Let v(f) be the first derivative of -f**4/24 - 11*f**3/6 + 3*f**2/2 - 4. Let p(x) be the second derivative of v(x). Let a = -60 - -52. Calculate p(a).
-3
Let u(h) = 14 - 10 + h**2 - 4 - 7*h. Suppose 3*p = -t + 31, -p = -0*t - 5*t + 11. Determine u(p).
18
Let m(u) = -9*u**3 + 26*u**2 - 77*u - 11. Let j(g) = 25*g**3 - 77*g**2 + 226*g + 33. Let h(p) = 4*j(p) + 11*m(p). Give h(19).
11
Let a(s) = -180 - 178 + 546 - 181 + 20*s**2 - 4*s. Determine a(2).
79
Let p(j) = 195 + 0*j - 20 + 17*j + 14*j + 129. What is p(-10)?
-6
Let n(r) = -3*r + 3. Let q = -668 + 674. Suppose -22*v = -q - 38. Give n(v).
-3
Let c(l) = -3*l**2 + l. Let a(r) = -11*r**2 + 7*r + 4. Let o(q) = a(q) - 4*c(q). Let n be (-4)/8*0/(-2) + -5. Determine o(n).
14
Let z(j) = -17*j**2 - 99*j + 14. Let s be z(-6). Let d(w) be the first derivative of 4 - w + 3*w**2 + 1/3*w**3. Give d(s).
-9
Let z be 8 - (-2 + -13)*6/(-15). Let i(q) be the third derivative of q**6/120 - q**5/60 + q**4/6 - 7*q**3/6 - 49*q**2 + 2*q. Determine i(z).
5
Let y(v) be the third derivative of -v**4/3 + 21*v**3/2 + v**2 + 106*v. Give y(6).
15
Let q(v) = 7*v**3 - 24*v**2 + v + 2. Let w(i) = 2*i**3 - 13*i**2 + i. Let y(m) = q(m) - 2*w(m). What is y(-2)?
-12
Let s(z) = -z**3 + 3*z**2 - 5*z + 8. Suppose m - 9 = -5*a, -465*a - m = -464*a + 3. Determine s(a).
-7
Let x(i) = i - 1. Let r(b) = 7*b**2 - b. Let s be r(2). Let k(c) = c**3 - 4*c**2 + 5*c + 5. Let l be k(4). Let a = s - l. What is x(a)?
0
Suppose -8*u + 7 = 63. Let j = 17 + -13. Let o(l) = -10 - l**2 + 4*l**3 - j*l**3 - l**3 + 5*l - 5*l**2. Give o(u).
4
Let k(b) = -32*b + 